*r + 5650 = -746. What is the highest common factor of 132 and r?
12
Let c(r) = 75*r**2 - 18*r - 138. Let d be c(-4). What is the greatest common factor of 216 and d?
54
Suppose -1607*m + 1627*m = 20. Let u(t) = 1 - t**3 - t + t**3 + 5*t**3 - t**2. Let b be u(m). Calculate the highest common divisor of b and 36.
4
Let z(c) = c**3 + 10*c**2 + 16*c + 2. Let n be z(-7). Let p = -33 + n. Suppose 9 = p*m - 31. Calculate the highest common divisor of m and 80.
10
Let x = 172 + -448. Let y = x + 325. What is the greatest common divisor of 28 and y?
7
Let b(t) = -2*t + 6*t - 6*t + 7 + 3*t. Let a be b(-6). Let z = 367 - 366. What is the highest common divisor of z and a?
1
Let l be (-1)/(5/10) + 5. Suppose 15 = -l*d - 0*d, 5*j + 2*d = 475. Suppose 6*f - j = -7. Calculate the highest common factor of f and 105.
15
Let w be 55/20 + 45/(-60). Suppose -w*y + 1620 = 25*y. What is the greatest common divisor of y and 90?
30
Let s(n) = 8*n - 92. Let b be s(12). Suppose r - 9 = 5*c, 0 = c - 4*c - r - 7. Let f be 4/(-8) + (-89)/c. Calculate the greatest common factor of f and b.
4
Suppose 187*h + 794*h - 185409 = 0. Let v = -26 + 68. What is the greatest common factor of v and h?
21
Let g(y) = y**3 + 10*y**2 + 7*y - 4. Let t be g(-9). Let b = 98 - 81. Suppose 648 = b*k - t*k. What is the greatest common factor of 24 and k?
24
Let b be -9 + 5 + (-4 - 0). Let f be -6 + (-46)/b + 27/(-4). Let x(r) = r + 19. Let i be x(f). What is the highest common divisor of i and 60?
12
Suppose 5*a - 5*u = 30 - 105, -3*u = -6. Let j = 46 + a. What is the highest common divisor of j and 88?
11
Let o(m) = -m**3 + 45*m**2 - 184*m + 4314. Let f be o(43). Suppose 450 = 3*j - 2*j. What is the highest common factor of j and f?
50
Let r = 3568 + -3364. What is the highest common divisor of 1292 and r?
68
Suppose 19*d = 5*d + 98. Let m be 7/d*3*1. Let v be -4 - (m + (-28 - -1)). Calculate the highest common factor of 70 and v.
10
Let l be (-293836)/(-42) - ((-508)/(-42) - (93 + -81)). Calculate the highest common divisor of l and 72.
12
Let i = 16 - 10. Let x be i/8 + 6495/60. Suppose 4*r - 92 = -0*r - 2*m, -5*r + x = m. What is the greatest common factor of 105 and r?
21
Suppose -3*b + 287 = -112*f + 113*f, f - 2 = 0. What is the greatest common divisor of 494 and b?
19
Suppose 37*j + 52*j = 267. Let l(t) = t**3 + 13*t**2 + 8*t. Let w be l(-12). What is the highest common factor of j and w?
3
Let s(j) = 13*j**2 - 11*j + 21. Let m be s(7). Let u = -333 + m. Calculate the highest common divisor of 31 and u.
31
Let v = -170 + 175. Suppose v*i - 340 = -5*z, -i - 2*z - z = -72. Calculate the greatest common divisor of 88 and i.
22
Suppose 2*x + 28 = 2*r, 5*r = -4*x - x + 50. Let s be 7 + 0/(-1 - 1). Suppose -18 = -10*c + s*c. Calculate the highest common factor of r and c.
6
Suppose -5*d - 2*w + 12 = -5*w, -16 = -3*d + 4*w. Suppose d = c + 67 - 254. What is the greatest common factor of 34 and c?
17
Suppose 20*a - 24*a + 2483 = d, -2*d = -2*a - 5006. What is the greatest common factor of d and 51?
51
Suppose -3*s - 585 = -d, -5*s + s = 3*d - 1690. Suppose -7*a - d = -2*w - 5*a, w - 255 = -5*a. What is the highest common factor of 80 and w?
40
Suppose 4*y - 59 - 21 = 0. Let c be (-14)/(-2) + (47 - 46). What is the highest common factor of y and c?
4
Let b = -1637 + 4562. Calculate the greatest common factor of b and 234.
117
Suppose -3*d = -0 - 12. Suppose -d*x - 25 = -33. Suppose 16 = 2*i + x*i. What is the highest common divisor of 8 and i?
4
Suppose 103*r = 115*r - 960. Calculate the greatest common factor of r and 2832.
16
Let i be 4/(-10) - 42/(-30)*-9. Suppose 5*v = -2*t + 8, -2*t - 3*v = 2*t - 44. Let n = i + t. Calculate the highest common factor of 7 and n.
1
Suppose 0 = -2*n + 4*n - 214. Let z = 116 - n. What is the highest common factor of z and 99?
9
Let c(k) = 5*k**2 + 2*k - 3*k**2 - 3*k + 5 + 16*k**2. Let a be c(-3). Calculate the highest common divisor of a and 425.
85
Suppose 5*b + 9 = 3*d, 2*b - 6 = -2*d - 0. Suppose b = 5*p - 3*p, 0 = -4*r + 3*p + 20. Calculate the greatest common divisor of 25 and r.
5
Let s be 3021/76 + -16 + 6/24. Calculate the greatest common factor of s and 52488.
24
Let k(i) = -3*i + 7 + 8 + 11 + 3. Let w be k(6). Let f be (-8)/(-6) + (-4)/12. Calculate the greatest common divisor of w and f.
1
Suppose 2*v - 17 - 43 = 0. Let a = v + -39. Let c be (-6)/(-4)*(-42)/a. What is the greatest common factor of c and 63?
7
Let y = 1341 + -921. Suppose 2*z = 9*z - y. Calculate the greatest common divisor of 20 and z.
20
Suppose 4*f + 7 = 3*d, 3*d - 90*f = -92*f + 37. Let g(p) = 72*p**2 - p + 1. Let u be g(1). Calculate the highest common divisor of u and d.
9
Suppose 0 = -3*h - 0*h + 141. Suppose 0 = x - h + 13. Suppose 32*i - 1258 = -11*i + 6*i. What is the highest common factor of x and i?
34
Let n = 989 + -576. Suppose 7*r - n = 959. Calculate the greatest common factor of 140 and r.
28
Suppose -m = -1 - 5. Suppose -t = 0, -m*o + 5*t + 52 = -4*o. What is the greatest common factor of o and 806?
26
Suppose 30*k + 3241 = 10621. What is the greatest common divisor of k and 2091?
123
Suppose 13*r - 7 = 6*r. Let c be 1/(-2)*-24 - (r + 2). Calculate the highest common factor of 3 and c.
3
Let l = 163 + -28. Suppose 5*w = -21*w + 130. Calculate the highest common divisor of l and w.
5
Let g = 299 + -275. Let d be g/(1 + 0) + 2. Calculate the greatest common factor of 2 and d.
2
Suppose r + 7 = 9. Suppose 40 - 12 = r*t. Let u be t/63 - 160/(-9). What is the greatest common factor of 2 and u?
2
Let o be (15 - 36)*(-16)/56 + (-3974)/(-1). Calculate the greatest common factor of o and 40.
20
Let y be ((-4)/11)/2 - (-442)/11. Let s = -60 + 154. Suppose 3*m - s = -4*w - w, 5*w - 96 = -2*m. Calculate the greatest common factor of y and w.
20
Suppose 741 = 28*d - 13*d + 3*f, -d - 5*f = -35. What is the greatest common divisor of 1475 and d?
25
Let i be (-106)/8 - (-66)/(-88). Let y be 7/i*(-1050)/5. What is the greatest common factor of y and 84?
21
Let c be 1/((-69450)/(-8680) - 8) - -7. Calculate the greatest common divisor of c and 15.
5
Let g = -10 + 30. Suppose 0 = -g*t + 19*t + 34. Suppose -2*p = -t + 30. Calculate the highest common divisor of p and 38.
2
Suppose -25*r + 204 = -13*r. Suppose -225 = -46*n + 43*n. Let s = 109 - n. Calculate the greatest common factor of r and s.
17
Let g be (-4)/(-6) + 50/6. Let k be 20/8 + (-9)/4 - (-15610)/56. What is the highest common divisor of k and g?
9
Let q be ((-18531)/(-6))/(3/2*82/164). Calculate the highest common divisor of q and 284.
142
Suppose -7*l - 27665 = -4*r + 7787, 0 = 5*l + 20. What is the highest common divisor of 820 and r?
164
Let g = 823 + 138. What is the greatest common factor of 217 and g?
31
Let y(v) = 2*v**3 - 4*v**2 - v. Let q be y(3). Suppose -q*p + 11*p + 32 = 0. Calculate the highest common factor of 92 and p.
4
Let w(g) = g + 93. Let p be w(-33). Let t = 87 - p. What is the highest common factor of 27 and t?
27
Let a be ((-836)/55)/(-19) + ((-7244)/20)/(-1). What is the highest common factor of a and 3399?
33
Let o be (-6)/8 + (-2511)/(-36). Suppose 0 = 73*h - o*h - 240. What is the highest common factor of h and 40?
20
Let x be 6/(13/((-1157)/(-6))). Suppose -x + 29 = -b. Calculate the highest common factor of b and 870.
30
Suppose 0 = -61*h + 80*h - 988. Suppose h*l + 280 = 57*l. Calculate the greatest common factor of 28 and l.
28
Suppose -g + 554*w = 557*w - 12787, -2*w = -5*g + 63782. Calculate the greatest common factor of 5 and g.
5
Suppose -25*k + 4*k - 1261 + 1387 = 0. Let h(r) = -2*r + 20. Let v = -18 - -4. Let n be h(v). Calculate the highest common divisor of n and k.
6
Suppose 5*f + 1206 = 3*w, -w + 559*f = 555*f - 388. What is the highest common factor of w and 2987?
103
Let s(b) = -b**3 + 5*b**2 - 11*b + 31. Let x be s(4). Let m(k) = 33*k - 67. Let a be m(x). What is the highest common factor of 432 and a?
16
Let c be 1675/(12/12) - ((2 - 2) + -5). What is the highest common factor of 1980 and c?
60
Suppose 0 = 2*u - 5*u + 462. Let o = -10228 - -10272. What is the greatest common factor of u and o?
22
Let c(v) = 1 - 431*v + 213*v + 209*v + 36. Let p be c(-2). Calculate the greatest common factor of 121 and p.
11
Suppose -18*d - 137 = -47. Let u = 6 + d. Calculate the greatest co